{"id":40,"date":"2023-03-02T14:57:11","date_gmt":"2023-03-02T14:57:11","guid":{"rendered":"https:\/\/jfey.com.br\/?page_id=40"},"modified":"2023-06-16T13:44:59","modified_gmt":"2023-06-16T13:44:59","slug":"compensado-plastificado","status":"publish","type":"page","link":"https:\/\/jfey.com.br\/index.php\/compensado-plastificado\/","title":{"rendered":"Compensado Plastificado"},"content":{"rendered":"\n<p>Nosso compensado plastificado \u00e9 produzido em apenas um processo, o que garante um excelente custo benef\u00edcio. Ele \u00e9 revestido com pel\u00edcula fen\u00f3lica de 120 g\/Cm2 em ambas as faces, o que o torna ainda mais resistente a umidade e a intemperes, podendo ser utilizado em ambientes agressivos como caixarias de concreto.<\/p>\n\n\n\n<p> Al\u00e9m disso, a qualidade da colagem das l\u00e2minas \u00e9 cuidadosamente observada durante a produ\u00e7\u00e3o, o que garante uma alta durabilidade ao produto. Essa aten\u00e7\u00e3o na produ\u00e7\u00e3o nos permite oferecer um produto de qualidade superior, com maior resist\u00eancia e durabilidade, em compara\u00e7\u00e3o com outros produtos no mercado<\/p>\n\n\n\n<div id=\"wp-block-themeisle-blocks-tabs-080e3122\" class=\"wp-block-themeisle-blocks-tabs\"><div class=\"wp-block-themeisle-blocks-tabs__content\">\n<div data-title=\"Compensado 1,10 m x 2,20 m\" class=\"wp-block-themeisle-blocks-tabs-item\"><div class=\"wp-block-themeisle-blocks-tabs-item__header\" tabindex=\"0\">Compensado 1,10 m x 2,20 m<\/div><div class=\"wp-block-themeisle-blocks-tabs-item__content\">\n<p>Est\u00e3o dispon\u00edveis op\u00e7\u00f5es de capa de pinus, eucalipto e pinho cuiabano.<\/p>\n\n\n\n<div class=\"wp-block-group is-layout-constrained wp-block-group-is-layout-constrained\">\n<figure class=\"wp-block-table is-style-stripes\"><table><tbody><tr><td class=\"has-text-align-center\" data-align=\"center\"><strong>Espessura (mm)<\/strong><\/td><td class=\"has-text-align-center\" data-align=\"center\"><strong>Camadas<\/strong><\/td><td class=\"has-text-align-center\" data-align=\"center\"><strong>C\u00f3digo<\/strong><\/td><\/tr><tr><td class=\"has-text-align-center\" data-align=\"center\">05<\/td><td class=\"has-text-align-center\" data-align=\"center\">3<\/td><td class=\"has-text-align-center\" data-align=\"center\">#JF01PSX0305<\/td><\/tr><tr><td class=\"has-text-align-center\" data-align=\"center\">06<\/td><td class=\"has-text-align-center\" data-align=\"center\">3<\/td><td class=\"has-text-align-center\" data-align=\"center\">#JF01PSX0306<\/td><\/tr><tr><td class=\"has-text-align-center\" data-align=\"center\">09<\/td><td class=\"has-text-align-center\" data-align=\"center\">5<\/td><td class=\"has-text-align-center\" data-align=\"center\">#JF01PSX0509<\/td><\/tr><tr><td class=\"has-text-align-center\" data-align=\"center\">11<\/td><td class=\"has-text-align-center\" data-align=\"center\">5<\/td><td class=\"has-text-align-center\" data-align=\"center\">#JF01PSX0511<\/td><\/tr><tr><td class=\"has-text-align-center\" data-align=\"center\">13<\/td><td class=\"has-text-align-center\" data-align=\"center\">5<\/td><td class=\"has-text-align-center\" data-align=\"center\">#JF01PSX0513<\/td><\/tr><tr><td class=\"has-text-align-center\" data-align=\"center\">13<\/td><td class=\"has-text-align-center\" data-align=\"center\">7<\/td><td class=\"has-text-align-center\" data-align=\"center\">#JF01PSX0713<\/td><\/tr><tr><td class=\"has-text-align-center\" data-align=\"center\">14<\/td><td class=\"has-text-align-center\" data-align=\"center\">7<\/td><td class=\"has-text-align-center\" data-align=\"center\">#JF01PSX0714<\/td><\/tr><tr><td class=\"has-text-align-center\" data-align=\"center\">16<\/td><td class=\"has-text-align-center\" data-align=\"center\">7<\/td><td class=\"has-text-align-center\" data-align=\"center\">#JF01PSX0716<\/td><\/tr><tr><td class=\"has-text-align-center\" data-align=\"center\">18<\/td><td class=\"has-text-align-center\" data-align=\"center\">7<\/td><td class=\"has-text-align-center\" data-align=\"center\">#JF01PSX0718<\/td><\/tr><tr><td class=\"has-text-align-center\" data-align=\"center\">18<\/td><td class=\"has-text-align-center\" data-align=\"center\">9<\/td><td class=\"has-text-align-center\" data-align=\"center\">#JF01PSX0918<\/td><\/tr><tr><td class=\"has-text-align-center\" data-align=\"center\">19<\/td><td class=\"has-text-align-center\" data-align=\"center\">9<\/td><td class=\"has-text-align-center\" data-align=\"center\">#JF01PSX0919<\/td><\/tr><tr><td class=\"has-text-align-center\" data-align=\"center\">20<\/td><td class=\"has-text-align-center\" data-align=\"center\">11<\/td><td class=\"has-text-align-center\" data-align=\"center\">#JF01PSX1120<\/td><\/tr><tr><td class=\"has-text-align-center\" data-align=\"center\">25<\/td><td class=\"has-text-align-center\" data-align=\"center\">13<\/td><td class=\"has-text-align-center\" data-align=\"center\">#JF01PSX1325<\/td><\/tr><\/tbody><\/table><figcaption class=\"wp-element-caption\">Miolo e enchimento em pinus ou eucalipto<\/figcaption><\/figure>\n<\/div>\n<\/div><\/div>\n\n\n\n<div data-title=\"Compensado 1,22 m x 2,44 m\" class=\"wp-block-themeisle-blocks-tabs-item\"><div class=\"wp-block-themeisle-blocks-tabs-item__header\" tabindex=\"0\">Compensado 1,22 m x 2,44 m<\/div><div class=\"wp-block-themeisle-blocks-tabs-item__content\">\n<p>Capa em pinus<\/p>\n\n\n\n<figure class=\"wp-block-table is-style-stripes\"><table><tbody><tr><td class=\"has-text-align-center\" data-align=\"center\"><strong>Espessura (mm)<\/strong><\/td><td class=\"has-text-align-center\" data-align=\"center\"><strong>Camadas<\/strong><\/td><td class=\"has-text-align-center\" data-align=\"center\"><strong>C\u00f3digo<\/strong><\/td><\/tr><tr><td class=\"has-text-align-center\" data-align=\"center\">06<\/td><td class=\"has-text-align-center\" data-align=\"center\">3<\/td><td class=\"has-text-align-center\" data-align=\"center\">#JF01PBP0306<\/td><\/tr><tr><td class=\"has-text-align-center\" data-align=\"center\">10<\/td><td class=\"has-text-align-center\" data-align=\"center\">5<\/td><td class=\"has-text-align-center\" data-align=\"center\">#JF01PBP0510<\/td><\/tr><tr><td class=\"has-text-align-center\" data-align=\"center\">11<\/td><td class=\"has-text-align-center\" data-align=\"center\">5<\/td><td class=\"has-text-align-center\" data-align=\"center\">#JF01PBP0511<\/td><\/tr><tr><td class=\"has-text-align-center\" data-align=\"center\">12<\/td><td class=\"has-text-align-center\" data-align=\"center\">5<\/td><td class=\"has-text-align-center\" data-align=\"center\">#JF01PBP0512<\/td><\/tr><tr><td class=\"has-text-align-center\" data-align=\"center\">14<\/td><td class=\"has-text-align-center\" data-align=\"center\">7<\/td><td class=\"has-text-align-center\" data-align=\"center\">#JF01PBP0714<\/td><\/tr><tr><td class=\"has-text-align-center\" data-align=\"center\">15<\/td><td class=\"has-text-align-center\" data-align=\"center\">7<\/td><td class=\"has-text-align-center\" data-align=\"center\">#JF01PBP0715<\/td><\/tr><tr><td class=\"has-text-align-center\" data-align=\"center\">17<\/td><td class=\"has-text-align-center\" data-align=\"center\">7<\/td><td class=\"has-text-align-center\" data-align=\"center\">#JF01PBP0717<\/td><\/tr><tr><td class=\"has-text-align-center\" data-align=\"center\">17<\/td><td class=\"has-text-align-center\" data-align=\"center\">9<\/td><td class=\"has-text-align-center\" data-align=\"center\">#JF01PBP0917<\/td><\/tr><tr><td class=\"has-text-align-center\" data-align=\"center\">18<\/td><td class=\"has-text-align-center\" data-align=\"center\">7<\/td><td class=\"has-text-align-center\" data-align=\"center\">#JF01PBP0718<\/td><\/tr><tr><td class=\"has-text-align-center\" data-align=\"center\">18<\/td><td class=\"has-text-align-center\" data-align=\"center\">9<\/td><td class=\"has-text-align-center\" data-align=\"center\">#JF01PBP0918<\/td><\/tr><tr><td class=\"has-text-align-center\" data-align=\"center\">19<\/td><td class=\"has-text-align-center\" data-align=\"center\">9<\/td><td class=\"has-text-align-center\" data-align=\"center\">#JF01PBP0919<\/td><\/tr><tr><td class=\"has-text-align-center\" data-align=\"center\">20<\/td><td class=\"has-text-align-center\" data-align=\"center\">9<\/td><td class=\"has-text-align-center\" data-align=\"center\">#JF01PBP0920<\/td><\/tr><\/tbody><\/table><figcaption class=\"wp-element-caption\">Miolo e enchimento em pinus ou eucalipto<\/figcaption><\/figure>\n<\/div><\/div>\n<\/div><\/div>\n\n\n\n<div id=\"wp-block-themeisle-blocks-slider-ae4512e6\" class=\"wp-block-themeisle-blocks-slider glide\" data-per-view=\"1\" data-gap=\"0\" data-peek=\"0\" data-autoplay=\"true\" data-height=\"550px\" data-hide-arrows=\"false\"><div class=\"glide__track\" data-glide-el=\"track\"><div class=\"glide__slides\"><div class=\"wp-block-themeisle-blocks-slider-item-wrapper glide__slide\" tabindex=\"0\"><figure><img decoding=\"async\" class=\"wp-block-themeisle-blocks-slider-item\" src=\"https:\/\/jfey.com.br\/wp-content\/uploads\/2023\/05\/caixas.png\" alt=\"\" title=\"\" data-id=\"253\"\/><figcaption>Imagem Ilustrativa<\/figcaption><\/figure><\/div><div class=\"wp-block-themeisle-blocks-slider-item-wrapper glide__slide\" tabindex=\"0\"><figure><img decoding=\"async\" class=\"wp-block-themeisle-blocks-slider-item\" src=\"https:\/\/jfey.com.br\/wp-content\/uploads\/2023\/05\/chapa_plast.png\" alt=\"\" title=\"\" data-id=\"231\"\/><\/figure><\/div><div class=\"wp-block-themeisle-blocks-slider-item-wrapper glide__slide\" tabindex=\"0\"><figure><img decoding=\"async\" class=\"wp-block-themeisle-blocks-slider-item\" src=\"https:\/\/jfey.com.br\/wp-content\/uploads\/2023\/05\/plastificado-3.png\" alt=\"\" title=\"\" data-id=\"205\"\/><\/figure><\/div><\/div><div class=\"glide__bullets\" data-glide-el=\"controls[nav]\"><button class=\"glide__bullet\" data-glide-dir=\"=0\"><\/button><button class=\"glide__bullet\" data-glide-dir=\"=1\"><\/button><button class=\"glide__bullet\" data-glide-dir=\"=2\"><\/button><\/div><\/div><\/div>\n\n\n\n<div class=\"wp-block-group alignfull has-raft-bg-background-color has-text-color has-background is-layout-flow wp-block-group-is-layout-flow\" style=\"color:#000000\">\n<div style=\"height:35px\" aria-hidden=\"true\" class=\"wp-block-spacer\"><\/div>\n\n\n\n<div class=\"wp-block-buttons is-horizontal is-content-justification-center is-layout-flex wp-container-core-buttons-is-layout-03627597 wp-block-buttons-is-layout-flex\">\n<div class=\"wp-block-button has-custom-width wp-block-button__width-50\"><a class=\"wp-block-button__link has-raft-accent-background-color has-text-color has-background wp-element-button\" href=\"https:\/\/jfey.com.br\/index.php\/solicite-um-orcamento\/\" style=\"border-radius:50px;color:#ffffff\">Solicite Um Or\u00e7amento<\/a><\/div>\n<\/div>\n\n\n\n<div style=\"height:35px\" aria-hidden=\"true\" class=\"wp-block-spacer\"><\/div>\n\n\n\n<p class=\"has-text-align-center o-typing-faster has-normal-font-size\" style=\"line-height:1\"><strong>N\u00e3o encontrou o que precisa? N\u00f3s podemos produzir compensados sob medida para atender \u00e0s suas necessidades espec\u00edficas<\/strong><\/p>\n\n\n\n<div class=\"wp-block-buttons is-horizontal is-content-justification-center is-layout-flex wp-container-core-buttons-is-layout-03627597 wp-block-buttons-is-layout-flex\">\n<div class=\"wp-block-button has-custom-width wp-block-button__width-75\"><a class=\"wp-block-button__link has-raft-accent-background-color has-text-color has-background wp-element-button\" href=\"https:\/\/jfey.com.br\/index.php\/configure-seu-compensado\/\" style=\"border-radius:100px;color:#ffffff\">Quero um produto sob medida para mim !<\/a><\/div>\n<\/div>\n<\/div>\n","protected":false},"excerpt":{"rendered":"<p>Nosso compensado plastificado \u00e9 produzido em apenas um processo, o que garante um excelente custo benef\u00edcio. Ele \u00e9 revestido com pel\u00edcula fen\u00f3lica de 120 g\/Cm2 em ambas as faces, o que o torna ainda mais resistente a umidade e a intemperes, podendo ser utilizado em ambientes agressivos como caixarias de concreto. Al\u00e9m disso, a qualidade [&hellip;]<\/p>\n","protected":false},"author":1,"featured_media":0,"parent":0,"menu_order":0,"comment_status":"closed","ping_status":"closed","template":"","meta":{"_themeisle_gutenberg_block_has_review":false,"footnotes":""},"class_list":["post-40","page","type-page","status-publish","hentry"],"_links":{"self":[{"href":"https:\/\/jfey.com.br\/index.php\/wp-json\/wp\/v2\/pages\/40","targetHints":{"allow":["GET"]}}],"collection":[{"href":"https:\/\/jfey.com.br\/index.php\/wp-json\/wp\/v2\/pages"}],"about":[{"href":"https:\/\/jfey.com.br\/index.php\/wp-json\/wp\/v2\/types\/page"}],"author":[{"embeddable":true,"href":"https:\/\/jfey.com.br\/index.php\/wp-json\/wp\/v2\/users\/1"}],"replies":[{"embeddable":true,"href":"https:\/\/jfey.com.br\/index.php\/wp-json\/wp\/v2\/comments?post=40"}],"version-history":[{"count":31,"href":"https:\/\/jfey.com.br\/index.php\/wp-json\/wp\/v2\/pages\/40\/revisions"}],"predecessor-version":[{"id":327,"href":"https:\/\/jfey.com.br\/index.php\/wp-json\/wp\/v2\/pages\/40\/revisions\/327"}],"wp:attachment":[{"href":"https:\/\/jfey.com.br\/index.php\/wp-json\/wp\/v2\/media?parent=40"}],"curies":[{"name":"wp","href":"https:\/\/api.w.org\/{rel}","templated":true}]}}