{"id":305,"date":"2023-05-24T14:12:22","date_gmt":"2023-05-24T14:12:22","guid":{"rendered":"https:\/\/jfey.com.br\/?page_id=305"},"modified":"2024-04-26T17:16:34","modified_gmt":"2024-04-26T17:16:34","slug":"compromisso-ambiental-da-j-fey-filhos","status":"publish","type":"page","link":"https:\/\/jfey.com.br\/index.php\/compromisso-ambiental-da-j-fey-filhos\/","title":{"rendered":"Compromisso Ambiental da J. Fey &amp; Filhos"},"content":{"rendered":"\n<div id=\"wp-block-themeisle-blocks-advanced-columns-a2946a77\" class=\"wp-block-themeisle-blocks-advanced-columns alignfull has-2-columns has-desktop-equal-layout has-tablet-equal-layout has-mobile-collapsedRows-layout has-vertical-center ticss-a2946a77 has-light-bg\"><div class=\"wp-block-themeisle-blocks-advanced-columns-overlay\"><\/div><div class=\"innerblocks-wrap\">\n<div id=\"wp-block-themeisle-blocks-advanced-column-bbddf55b\" class=\"wp-block-themeisle-blocks-advanced-column\">\n<figure class=\"wp-block-image aligncenter size-full is-resized\"><img loading=\"lazy\" decoding=\"async\" src=\"https:\/\/jfey.com.br\/wp-content\/uploads\/2023\/08\/reflorest_03.png\" alt=\"\" class=\"wp-image-365\" width=\"456\" height=\"608\" srcset=\"https:\/\/jfey.com.br\/wp-content\/uploads\/2023\/08\/reflorest_03.png 718w, https:\/\/jfey.com.br\/wp-content\/uploads\/2023\/08\/reflorest_03-225x300.png 225w\" sizes=\"auto, (max-width: 456px) 100vw, 456px\" \/><\/figure>\n<\/div>\n\n\n\n<div id=\"wp-block-themeisle-blocks-advanced-column-92b2db05\" class=\"wp-block-themeisle-blocks-advanced-column\">\n<p class=\"has-raft-fg-color has-text-color has-large-font-size\">Somos uma empresa de compensados comprometida com a preserva\u00e7\u00e3o do meio ambiente em todas as etapas do nosso processo produtivo. Valorizamos a utiliza\u00e7\u00e3o respons\u00e1vel dos recursos naturais e a promo\u00e7\u00e3o da sustentabilidade.<\/p>\n\n\n\n<p class=\"has-raft-fg-color has-text-color has-large-font-size\"><span style=\"font-size: 28px;\">Nossos produtos s\u00e3o fabricados exclusivamente com madeira proveniente de fontes 100% reflorestadas, incluindo nossas \u00e1reas pr\u00f3prias e \u00e1reas de reflorestamento de fornecedores parceiros. Essa escolha consciente garante a regenera\u00e7\u00e3o das florestas e contribui para a preserva\u00e7\u00e3o da biodiversidade, dentro dos mais rigorosos padr\u00f5es ambientais exigidos por lei.<\/span><\/p>\n<\/div>\n<\/div><\/div>\n\n\n\n<div id=\"wp-block-themeisle-blocks-advanced-columns-3c6ffff3\" class=\"wp-block-themeisle-blocks-advanced-columns alignfull has-2-columns has-desktop-equal-layout has-tablet-equal-layout has-mobile-collapsedRows-layout has-vertical-center ticss-a2946a77 has-light-bg\"><div class=\"wp-block-themeisle-blocks-advanced-columns-overlay\"><\/div><div class=\"innerblocks-wrap\">\n<div id=\"wp-block-themeisle-blocks-advanced-column-c8561de6\" class=\"wp-block-themeisle-blocks-advanced-column\">\n<p class=\"has-raft-fg-color has-text-color has-large-font-size\">Estamos empenhados em reduzir nossa pegada de carbono e combater as mudan\u00e7as clim\u00e1ticas. Por meio da utiliza\u00e7\u00e3o de \u00e1reas reflorestadas, ajudamos a retirar CO2 da atmosfera. As \u00e1rvores, ao crescerem, capturam e armazenam naturalmente o carbono, promovendo um equil\u00edbrio no ciclo do carbono e contribuindo para a redu\u00e7\u00e3o dos gases de efeito estufa.<\/p>\n\n\n\n<p class=\"has-raft-fg-color has-text-color has-large-font-size\">Em 2022, orgulhosamente retiramos da atmosfera 1.294.430 kg de CO2 por meio da utiliza\u00e7\u00e3o de \u00e1reas replantadas. Essa a\u00e7\u00e3o demonstra nosso compromisso em neutralizar nossa pegada de carbono e promover a mitiga\u00e7\u00e3o dos impactos ambientais.<\/p>\n\n\n\n<p><\/p>\n<\/div>\n\n\n\n<div id=\"wp-block-themeisle-blocks-advanced-column-b3751776\" class=\"wp-block-themeisle-blocks-advanced-column\">\n<figure class=\"wp-block-image aligncenter size-full is-resized\"><img loading=\"lazy\" decoding=\"async\" src=\"https:\/\/jfey.com.br\/wp-content\/uploads\/2023\/08\/reflorest_07-1.png\" alt=\"\" class=\"wp-image-373\" width=\"503\" height=\"670\" srcset=\"https:\/\/jfey.com.br\/wp-content\/uploads\/2023\/08\/reflorest_07-1.png 768w, https:\/\/jfey.com.br\/wp-content\/uploads\/2023\/08\/reflorest_07-1-225x300.png 225w\" sizes=\"auto, (max-width: 503px) 100vw, 503px\" \/><\/figure>\n<\/div>\n<\/div><\/div>\n\n\n\n<div id=\"wp-block-themeisle-blocks-advanced-columns-6c0f2012\" class=\"wp-block-themeisle-blocks-advanced-columns alignfull has-2-columns has-desktop-equal-layout has-tablet-equal-layout has-mobile-collapsedRows-layout has-vertical-center ticss-a2946a77 has-light-bg\"><div class=\"wp-block-themeisle-blocks-advanced-columns-overlay\"><\/div><div class=\"innerblocks-wrap\">\n<div id=\"wp-block-themeisle-blocks-advanced-column-58fca158\" class=\"wp-block-themeisle-blocks-advanced-column\">\n<figure class=\"wp-block-image aligncenter size-full is-resized\"><img loading=\"lazy\" decoding=\"async\" src=\"https:\/\/jfey.com.br\/wp-content\/uploads\/2023\/08\/reflorest_05.png\" alt=\"\" class=\"wp-image-367\" width=\"573\" height=\"763\" srcset=\"https:\/\/jfey.com.br\/wp-content\/uploads\/2023\/08\/reflorest_05.png 754w, https:\/\/jfey.com.br\/wp-content\/uploads\/2023\/08\/reflorest_05-225x300.png 225w\" sizes=\"auto, (max-width: 573px) 100vw, 573px\" \/><\/figure>\n<\/div>\n\n\n\n<div id=\"wp-block-themeisle-blocks-advanced-column-2fbba1e5\" class=\"wp-block-themeisle-blocks-advanced-column\">\n<p class=\"has-raft-fg-color has-text-color has-large-font-size\">Nos \u00faltimos 6 meses, plantamos com entusiasmo 210 mil \u00e1rvores, fortalecendo a preserva\u00e7\u00e3o dos ecossistemas e contribuindo para a expans\u00e3o da cobertura vegetal em nossa regi\u00e3o.<\/p>\n\n\n\n<p class=\"has-raft-fg-color has-text-color has-large-font-size\">Al\u00e9m disso, temos um cuidado especial no manejo dos produtos qu\u00edmicos utilizados em nossos processos. Todos os res\u00edduos gerados s\u00e3o tratados ou reutilizados de forma respons\u00e1vel, garantindo uma contamina\u00e7\u00e3o zero do solo e preservando a sa\u00fade do meio ambiente.<\/p>\n<\/div>\n<\/div><\/div>\n\n\n\n<div id=\"wp-block-themeisle-blocks-advanced-columns-9ad70ab5\" class=\"wp-block-themeisle-blocks-advanced-columns alignfull has-2-columns has-desktop-equal-layout has-tablet-equal-layout has-mobile-collapsedRows-layout has-vertical-center ticss-a2946a77 has-light-bg\"><div class=\"wp-block-themeisle-blocks-advanced-columns-overlay\"><\/div><div class=\"innerblocks-wrap\">\n<div id=\"wp-block-themeisle-blocks-advanced-column-7f1a4f06\" class=\"wp-block-themeisle-blocks-advanced-column\">\n<p class=\"has-raft-fg-color has-text-color has-large-font-size\">Na J. Fey &amp; Filhos, acreditamos que o cuidado com o meio ambiente \u00e9 uma responsabilidade coletiva. Estamos empenhados em ser uma empresa ambientalmente respons\u00e1vel, contribuindo para a constru\u00e7\u00e3o de um futuro sustent\u00e1vel para todos<\/p>\n<\/div>\n\n\n\n<div id=\"wp-block-themeisle-blocks-advanced-column-12fe4383\" class=\"wp-block-themeisle-blocks-advanced-column\">\n<figure class=\"wp-block-image aligncenter size-full is-resized\"><img loading=\"lazy\" decoding=\"async\" src=\"https:\/\/jfey.com.br\/wp-content\/uploads\/2023\/08\/reflorest_04.png\" alt=\"\" class=\"wp-image-370\" width=\"550\" height=\"732\" srcset=\"https:\/\/jfey.com.br\/wp-content\/uploads\/2023\/08\/reflorest_04.png 768w, https:\/\/jfey.com.br\/wp-content\/uploads\/2023\/08\/reflorest_04-225x300.png 225w\" sizes=\"auto, (max-width: 550px) 100vw, 550px\" \/><\/figure>\n<\/div>\n<\/div><\/div>\n","protected":false},"excerpt":{"rendered":"","protected":false},"author":1,"featured_media":0,"parent":0,"menu_order":0,"comment_status":"closed","ping_status":"closed","template":"","meta":{"_themeisle_gutenberg_block_has_review":false,"footnotes":""},"class_list":["post-305","page","type-page","status-publish","hentry"],"_links":{"self":[{"href":"https:\/\/jfey.com.br\/index.php\/wp-json\/wp\/v2\/pages\/305","targetHints":{"allow":["GET"]}}],"collection":[{"href":"https:\/\/jfey.com.br\/index.php\/wp-json\/wp\/v2\/pages"}],"about":[{"href":"https:\/\/jfey.com.br\/index.php\/wp-json\/wp\/v2\/types\/page"}],"author":[{"embeddable":true,"href":"https:\/\/jfey.com.br\/index.php\/wp-json\/wp\/v2\/users\/1"}],"replies":[{"embeddable":true,"href":"https:\/\/jfey.com.br\/index.php\/wp-json\/wp\/v2\/comments?post=305"}],"version-history":[{"count":12,"href":"https:\/\/jfey.com.br\/index.php\/wp-json\/wp\/v2\/pages\/305\/revisions"}],"predecessor-version":[{"id":383,"href":"https:\/\/jfey.com.br\/index.php\/wp-json\/wp\/v2\/pages\/305\/revisions\/383"}],"wp:attachment":[{"href":"https:\/\/jfey.com.br\/index.php\/wp-json\/wp\/v2\/media?parent=305"}],"curies":[{"name":"wp","href":"https:\/\/api.w.org\/{rel}","templated":true}]}}